{"id":25,"date":"2025-12-01T16:26:28","date_gmt":"2025-12-01T16:26:28","guid":{"rendered":"https:\/\/www.stage.duecontrade.it\/?page_id=25"},"modified":"2025-12-02T16:06:07","modified_gmt":"2025-12-02T16:06:07","slug":"home","status":"publish","type":"page","link":"https:\/\/www.stage.duecontrade.it\/","title":{"rendered":"Home"},"content":{"rendered":"\n<div class=\"wp-block-themepunch-revslider revslider\" data-modal=\"false\" data-slidertitle=\"Due_Home_mod_ok\" style=\"\">\n\t\t\t\t<p class=\"rs-p-wp-fix\"><\/p>\n\t\t\t\t<sr7-module data-alias=\"due_home-1\" data-id=\"2\" id=\"SR7_2_1\" class=\"rs-ov-hidden\" data-version=\"6.7.31\">\n\t\t\t\t\t<sr7-adjuster><\/sr7-adjuster>\n\t\t\t\t\t<sr7-content>\n\t\t\t\t\t\t<sr7-slide id=\"SR7_2_1-3\" data-key=\"3\">\n\t\t\t\t\t\t\t<sr7-bg id=\"SR7_2_1-3-4\" class=\"sr7-layer\"><noscript><img decoding=\"async\" src=\"https:\/\/www.stage.duecontrade.it\/wp-content\/uploads\/revslider\/due_home_mod_ok-1\/sfumato-al-bianco_web.jpg\" alt=\"\" title=\"sfumato-al-bianco_web.jpg\"><\/noscript><\/sr7-bg>\n\t\t\t\t\t\t\t<sr7-txt id=\"SR7_2_1-3-1\" class=\"sr7-layer\">\"La qualit\u00e0 dell'olio nasce dal rispetto della terra\"<\/sr7-txt>\n\t\t\t\t\t\t\t<sr7-txt id=\"SR7_2_1-3-2\" class=\"sr7-layer\">OLIO EXTRAVERGINE DI OLIVA BIOLOGICO DI QUALIT\u00e0 SUPERIORE<\/sr7-txt>\n\t\t\t\t\t\t<\/sr7-slide>\n\t\t\t\t\t\t<sr7-slide id=\"SR7_2_1-4\" data-key=\"4\">\n\t\t\t\t\t\t<\/sr7-slide>\n\t\t\t\t\t<\/sr7-content>\n\t\t\t\t\t<image_lists style=\"display:none\">\n\t\t\t\t\t\t<img data-src=\"\/\/www.stage.duecontrade.it\/wp-content\/uploads\/revslider\/due_home_mod_ok-1\/logo_Duecontrade_05.png\" data-libid=\"9\" data-lib=\"medialibrary\" title=\"logo_Duecontrade_05.png\" width=\"0\" height=\"0\" data-dbsrc=\"Ly93d3cuc3RhZ2UuZHVlY29udHJhZGUuaXQvd3AtY29udGVudC91cGxvYWRzL3JldnNsaWRlci9kdWVfaG9tZV9tb2Rfb2stMS9sb2dvX0R1ZWNvbnRyYWRlXzA1LnBuZw==\"\/>\n\t\t\t\t\t\t<img data-src=\"\/\/www.stage.duecontrade.it\/wp-content\/uploads\/revslider\/due_home_mod_ok-1\/sfumato-al-bianco_web.jpg\" data-libid=\"8\" data-lib=\"medialibrary\" title=\"sfumato-al-bianco_web.jpg\" width=\"0\" height=\"0\" data-dbsrc=\"Ly93d3cuc3RhZ2UuZHVlY29udHJhZGUuaXQvd3AtY29udGVudC91cGxvYWRzL3JldnNsaWRlci9kdWVfaG9tZV9tb2Rfb2stMS9zZnVtYXRvLWFsLWJpYW5jb193ZWIuanBn\"\/>\n\t\t\t\t\t<\/image_lists>\n\t\t\t\t<\/sr7-module>\n\t\t\t\t<script>\n\t\t\t\t\tSR7.PMH ??={}; SR7.PMH[\"SR7_2_1\"] = {cn:100,state:false,fn: function() { if (_tpt!==undefined && _tpt.prepareModuleHeight !== undefined) {  _tpt.prepareModuleHeight({id:\"SR7_2_1\",el:[700,700,600,450,250],type:'hero',shdw:'0',gh:[700,700,600,450,250],gw:[1340,1340,1140,778,480],vpt:['-100px&#039;,&#039;-100px&#039;,&#039;-100px&#039;,&#039;-100px&#039;,&#039;-100px'],size:{fullWidth:true, fullHeight:false},mh:'0',onh:0,onw:0,bg:{color:'{\"orig\":\"transparent\",\"type\":\"solid\",\"string\":\"transparent\"}'},plType:'3',plColor:'#FFFFFF'});   SR7.PMH[\"SR7_2_1\"].state=true;} else if(SR7.PMH[\"SR7_2_1\"].cn-->0)\tsetTimeout( SR7.PMH[\"SR7_2_1\"].fn,19);}};SR7.PMH[\"SR7_2_1\" ].fn();\n\t\t\t\t<\/script>\n<\/div>\n\n\n<div id=\"pl-gb25-69e2fc9ca28e8\"  class=\"panel-layout\" ><div id=\"pg-gb25-69e2fc9ca28e8-0\"  class=\"panel-grid panel-has-style\" ><div class=\"siteorigin-panels-stretch panel-row-style panel-row-style-for-gb25-69e2fc9ca28e8-0\" style=\"padding: 30px 0; \" data-stretch-type=\"full\" data-overlay=\"true\" data-overlay-color=\"#000000\" ><div id=\"pgc-gb25-69e2fc9ca28e8-0-0\"  class=\"panel-grid-cell\" ><div id=\"panel-gb25-69e2fc9ca28e8-0-0-0\" class=\"so-panel widget widget_sow-editor panel-first-child\" data-index=\"0\" ><div style=\"text-align: left;\" data-title-color=\"#443f3f\" data-headings-color=\"#443f3f\" class=\"panel-widget-style panel-widget-style-for-gb25-69e2fc9ca28e8-0-0-0\" ><div\n\t\t\t\n\t\t\tclass=\"so-widget-sow-editor so-widget-sow-editor-base\"\n\t\t\t\n\t\t>\n<div class=\"siteorigin-widget-tinymce textwidget\">\n\t<h5 style=\"text-align: justify;\">OLIO EXTRA VERGINE DI OLIVA BIOLOGICO DI CATEGORIA SUPERIORE ottenuto direttamente dalle olive di propria produzione e unicamente mediante procedimenti meccanici.<\/h5>\n<\/div>\n<\/div><\/div><\/div><div id=\"panel-gb25-69e2fc9ca28e8-0-0-1\" class=\"so-panel widget widget_sow-image\" data-index=\"1\" ><div style=\"text-align: left;\" data-title-color=\"#443f3f\" data-headings-color=\"#443f3f\" class=\"panel-widget-style panel-widget-style-for-gb25-69e2fc9ca28e8-0-0-1\" ><div\n\t\t\t\n\t\t\tclass=\"so-widget-sow-image so-widget-sow-image-default-8b5b6f678277-25\"\n\t\t\t\n\t\t>\n<div class=\"sow-image-container\">\n\t\t<img \n\tsrc=\"https:\/\/www.stage.duecontrade.it\/wp-content\/uploads\/2025\/12\/blend-ambient-01_web-1.jpg\" width=\"1920\" height=\"1281\" srcset=\"https:\/\/www.stage.duecontrade.it\/wp-content\/uploads\/2025\/12\/blend-ambient-01_web-1.jpg 1920w, https:\/\/www.stage.duecontrade.it\/wp-content\/uploads\/2025\/12\/blend-ambient-01_web-1-300x200.jpg 300w, https:\/\/www.stage.duecontrade.it\/wp-content\/uploads\/2025\/12\/blend-ambient-01_web-1-1024x683.jpg 1024w, https:\/\/www.stage.duecontrade.it\/wp-content\/uploads\/2025\/12\/blend-ambient-01_web-1-768x512.jpg 768w, https:\/\/www.stage.duecontrade.it\/wp-content\/uploads\/2025\/12\/blend-ambient-01_web-1-1536x1025.jpg 1536w, https:\/\/www.stage.duecontrade.it\/wp-content\/uploads\/2025\/12\/blend-ambient-01_web-1-1000x667.jpg 1000w, https:\/\/www.stage.duecontrade.it\/wp-content\/uploads\/2025\/12\/blend-ambient-01_web-1-230x153.jpg 230w, https:\/\/www.stage.duecontrade.it\/wp-content\/uploads\/2025\/12\/blend-ambient-01_web-1-350x234.jpg 350w, https:\/\/www.stage.duecontrade.it\/wp-content\/uploads\/2025\/12\/blend-ambient-01_web-1-480x320.jpg 480w, https:\/\/www.stage.duecontrade.it\/wp-content\/uploads\/2025\/12\/blend-ambient-01_web-1-272x182.jpg 272w\" sizes=\"(max-width: 1920px) 100vw, 1920px\" title=\"blend-ambient-01_web\" alt=\"\" \t\tclass=\"so-widget-image\"\/>\n\t<\/div>\n\n<\/div><\/div><\/div><div id=\"panel-gb25-69e2fc9ca28e8-0-0-2\" class=\"so-panel widget widget_sow-image\" data-index=\"2\" ><div style=\"text-align: left;\" data-title-color=\"#443f3f\" data-headings-color=\"#443f3f\" class=\"panel-widget-style panel-widget-style-for-gb25-69e2fc9ca28e8-0-0-2\" ><div\n\t\t\t\n\t\t\tclass=\"so-widget-sow-image so-widget-sow-image-default-8b5b6f678277-25\"\n\t\t\t\n\t\t>\n<div class=\"sow-image-container\">\n\t\t<img \n\tsrc=\"https:\/\/www.stage.duecontrade.it\/wp-content\/uploads\/2025\/12\/leccino-ambient-02_web.jpg\" width=\"1920\" height=\"1281\" srcset=\"https:\/\/www.stage.duecontrade.it\/wp-content\/uploads\/2025\/12\/leccino-ambient-02_web.jpg 1920w, https:\/\/www.stage.duecontrade.it\/wp-content\/uploads\/2025\/12\/leccino-ambient-02_web-300x200.jpg 300w, https:\/\/www.stage.duecontrade.it\/wp-content\/uploads\/2025\/12\/leccino-ambient-02_web-1024x683.jpg 1024w, https:\/\/www.stage.duecontrade.it\/wp-content\/uploads\/2025\/12\/leccino-ambient-02_web-768x512.jpg 768w, https:\/\/www.stage.duecontrade.it\/wp-content\/uploads\/2025\/12\/leccino-ambient-02_web-1536x1025.jpg 1536w, https:\/\/www.stage.duecontrade.it\/wp-content\/uploads\/2025\/12\/leccino-ambient-02_web-1000x667.jpg 1000w, https:\/\/www.stage.duecontrade.it\/wp-content\/uploads\/2025\/12\/leccino-ambient-02_web-230x153.jpg 230w, https:\/\/www.stage.duecontrade.it\/wp-content\/uploads\/2025\/12\/leccino-ambient-02_web-350x234.jpg 350w, https:\/\/www.stage.duecontrade.it\/wp-content\/uploads\/2025\/12\/leccino-ambient-02_web-480x320.jpg 480w, https:\/\/www.stage.duecontrade.it\/wp-content\/uploads\/2025\/12\/leccino-ambient-02_web-272x182.jpg 272w\" sizes=\"(max-width: 1920px) 100vw, 1920px\" alt=\"\" \t\tclass=\"so-widget-image\"\/>\n\t<\/div>\n\n<\/div><\/div><\/div><div id=\"panel-gb25-69e2fc9ca28e8-0-0-3\" class=\"so-panel widget widget_sow-image\" data-index=\"3\" ><div style=\"text-align: left;\" data-title-color=\"#443f3f\" data-headings-color=\"#443f3f\" class=\"panel-widget-style panel-widget-style-for-gb25-69e2fc9ca28e8-0-0-3\" ><div\n\t\t\t\n\t\t\tclass=\"so-widget-sow-image so-widget-sow-image-default-8b5b6f678277-25\"\n\t\t\t\n\t\t>\n<div class=\"sow-image-container\">\n\t\t<img \n\tsrc=\"https:\/\/www.stage.duecontrade.it\/wp-content\/uploads\/2025\/12\/DSC6705_web.jpg\" width=\"1920\" height=\"1281\" srcset=\"https:\/\/www.stage.duecontrade.it\/wp-content\/uploads\/2025\/12\/DSC6705_web.jpg 1920w, https:\/\/www.stage.duecontrade.it\/wp-content\/uploads\/2025\/12\/DSC6705_web-300x200.jpg 300w, https:\/\/www.stage.duecontrade.it\/wp-content\/uploads\/2025\/12\/DSC6705_web-1024x683.jpg 1024w, https:\/\/www.stage.duecontrade.it\/wp-content\/uploads\/2025\/12\/DSC6705_web-768x512.jpg 768w, https:\/\/www.stage.duecontrade.it\/wp-content\/uploads\/2025\/12\/DSC6705_web-1536x1025.jpg 1536w, https:\/\/www.stage.duecontrade.it\/wp-content\/uploads\/2025\/12\/DSC6705_web-1000x667.jpg 1000w, https:\/\/www.stage.duecontrade.it\/wp-content\/uploads\/2025\/12\/DSC6705_web-230x153.jpg 230w, https:\/\/www.stage.duecontrade.it\/wp-content\/uploads\/2025\/12\/DSC6705_web-350x234.jpg 350w, https:\/\/www.stage.duecontrade.it\/wp-content\/uploads\/2025\/12\/DSC6705_web-480x320.jpg 480w, https:\/\/www.stage.duecontrade.it\/wp-content\/uploads\/2025\/12\/DSC6705_web-272x182.jpg 272w\" sizes=\"(max-width: 1920px) 100vw, 1920px\" alt=\"\" \t\tclass=\"so-widget-image\"\/>\n\t<\/div>\n\n<\/div><\/div><\/div><div id=\"panel-gb25-69e2fc9ca28e8-0-0-4\" class=\"so-panel widget widget_sow-image panel-last-child\" data-index=\"4\" ><div style=\"text-align: left;\" data-title-color=\"#443f3f\" data-headings-color=\"#443f3f\" class=\"panel-widget-style panel-widget-style-for-gb25-69e2fc9ca28e8-0-0-4\" ><div\n\t\t\t\n\t\t\tclass=\"so-widget-sow-image so-widget-sow-image-default-8b5b6f678277-25\"\n\t\t\t\n\t\t>\n<div class=\"sow-image-container\">\n\t\t<img \n\tsrc=\"https:\/\/www.stage.duecontrade.it\/wp-content\/uploads\/2025\/12\/blend-ambient-01_web.jpg\" width=\"1920\" height=\"1281\" srcset=\"https:\/\/www.stage.duecontrade.it\/wp-content\/uploads\/2025\/12\/blend-ambient-01_web.jpg 1920w, https:\/\/www.stage.duecontrade.it\/wp-content\/uploads\/2025\/12\/blend-ambient-01_web-300x200.jpg 300w, https:\/\/www.stage.duecontrade.it\/wp-content\/uploads\/2025\/12\/blend-ambient-01_web-1024x683.jpg 1024w, https:\/\/www.stage.duecontrade.it\/wp-content\/uploads\/2025\/12\/blend-ambient-01_web-768x512.jpg 768w, https:\/\/www.stage.duecontrade.it\/wp-content\/uploads\/2025\/12\/blend-ambient-01_web-1536x1025.jpg 1536w, https:\/\/www.stage.duecontrade.it\/wp-content\/uploads\/2025\/12\/blend-ambient-01_web-1000x667.jpg 1000w, https:\/\/www.stage.duecontrade.it\/wp-content\/uploads\/2025\/12\/blend-ambient-01_web-230x153.jpg 230w, https:\/\/www.stage.duecontrade.it\/wp-content\/uploads\/2025\/12\/blend-ambient-01_web-350x234.jpg 350w, https:\/\/www.stage.duecontrade.it\/wp-content\/uploads\/2025\/12\/blend-ambient-01_web-480x320.jpg 480w, https:\/\/www.stage.duecontrade.it\/wp-content\/uploads\/2025\/12\/blend-ambient-01_web-272x182.jpg 272w\" sizes=\"(max-width: 1920px) 100vw, 1920px\" alt=\"\" \t\tclass=\"so-widget-image\"\/>\n\t<\/div>\n\n<\/div><\/div><\/div><\/div><div id=\"pgc-gb25-69e2fc9ca28e8-0-1\"  class=\"panel-grid-cell\" ><div id=\"panel-gb25-69e2fc9ca28e8-0-1-0\" class=\"so-panel widget widget_sow-editor panel-first-child panel-last-child\" data-index=\"5\" ><div style=\"text-align: left;\" data-title-color=\"#443f3f\" data-headings-color=\"#443f3f\" class=\"panel-widget-style panel-widget-style-for-gb25-69e2fc9ca28e8-0-1-0\" ><div\n\t\t\t\n\t\t\tclass=\"so-widget-sow-editor so-widget-sow-editor-base\"\n\t\t\t\n\t\t>\n<div class=\"siteorigin-widget-tinymce textwidget\">\n\t<p><strong>Le nostre variet\u00e0:<\/strong><br \/>\nColtiviamo alcune tra le cultivar pi\u00f9 rappresentative del territorio marchigiano e dell\u2019Italia centrale:<br \/>\nRaggiola \u2013 la regina locale: profumata, vivace, ricca di carattere<br \/>\nLeccino \u2013 delicata, elegante, equilibrata<br \/>\nMoraiolo \u2013 intensa, aromatica, con ottimi polifenoli<br \/>\nPendolino \u2013 morbida e fruttata, eccellente impollinatrice<br \/>\nPiantone di Mogliano \u2013 tipica marchigiana, armonica e profumata<br \/>\nBlend \u2013 unione sapiente delle nostre cultivar, per un profilo gustativo completo<br \/>\nQuesta variet\u00e0 di cultivar ci permette di esprimere la ricchezza del territorio e rispondere a gusti e usi differenti, mantenendo sempre la purezza delle nostre olive.<\/p>\n<p><strong>Biologico: la nostra filosofia<\/strong><br \/>\nTutto viene coltivato secondo i principi dell\u2019agricoltura biologica certificata.<br data-start=\"1726\" data-end=\"1729\" \/>Nessun prodotto di sintesi, nessun compromesso: solo rispetto del suolo, difesa naturale delle piante, lavorazioni manuali e attenzione costante alle esigenze dell\u2019olivo e della biodiversit\u00e0.<\/p>\n<p><strong>Monovarietali e Blend<\/strong><br \/>\nProduciamo sia oli monovarietali, che esaltano l\u2019identit\u00e0 di ogni singola cultivar, sia blend studiati per ottenere equilibrio, rotondit\u00e0 e complessit\u00e0 aromatica.<br data-start=\"2122\" data-end=\"2125\" \/>Ogni linea racconta un carattere: dal pi\u00f9 delicato al pi\u00f9 deciso, dal morbido al pi\u00f9 vivace e speziato.<\/p>\n<p><strong>Raccolta e lavorazione<\/strong><br \/>\nLa raccolta avviene a mano e nel momento ottimale di maturazione.<br data-start=\"2330\" data-end=\"2333\" \/>Le olive vengono frante entro poche ore nel frantoio biologico, a temperatura controllata, per preservare freschezza, profumi e valori nutrizionali.<br data-start=\"2481\" data-end=\"2484\" \/>Il risultato \u00e8 un olio ricco di polifenoli, profumato, pulito e naturalmente genuino.<\/p>\n<p><strong>La forza dell\u2019unione<\/strong><br \/>\n\u201cDue Contrade\u201d \u00e8 un progetto che valorizza la doppia origine:<br \/>\ndue aziende che condividono lo stesso territorio<br \/>\ndue esperienze che si sommano<br \/>\ndue realt\u00e0 che hanno scelto la qualit\u00e0 come direzione comune<\/p>\n<p><span style=\"text-align: justify;\">Da questa unione nasce un olio che porta con s\u00e9 la storia e la ricchezza del <\/span>Comune di Mondavio<span style=\"text-align: justify;\">.<\/span><\/p>\n<p>Perch\u00e9 scegliere il nostro olio:<br \/>\n100% biologico certificato<br \/>\nMonovarietali e blend di alta qualit\u00e0<br \/>\nRaccolta manuale<br \/>\nFrangitura immediata<br \/>\nTracciabilit\u00e0 totale<br \/>\nRispetto per il territorio e per chi lo abita<br \/>\nProfilo aromatico ricco, tipico e sincero<\/p>\n<p><strong>Conclusione<\/strong><br \/>\n\u201cDue Contrade\u201d \u00e8 la nostra storia condivisa: una promessa di autenticit\u00e0, di cura e di amore per la terra.<br data-start=\"3328\" data-end=\"3331\" \/>Ogni bottiglia nasce da mani che lavorano con passione e da un territorio, quello di Mondavio, che sa donare all\u2019olio un\u2019anima unica e inconfondibile.<\/p>\n<\/div>\n<\/div><\/div><\/div><\/div><\/div><\/div><\/div>","protected":false},"excerpt":{"rendered":"","protected":false},"author":1,"featured_media":0,"parent":0,"menu_order":0,"comment_status":"closed","ping_status":"closed","template":"page-templates\/page_front-page.php","meta":{"footnotes":""},"folder":[],"class_list":["post-25","page","type-page","status-publish","hentry"],"_links":{"self":[{"href":"https:\/\/www.stage.duecontrade.it\/index.php\/wp-json\/wp\/v2\/pages\/25","targetHints":{"allow":["GET"]}}],"collection":[{"href":"https:\/\/www.stage.duecontrade.it\/index.php\/wp-json\/wp\/v2\/pages"}],"about":[{"href":"https:\/\/www.stage.duecontrade.it\/index.php\/wp-json\/wp\/v2\/types\/page"}],"author":[{"embeddable":true,"href":"https:\/\/www.stage.duecontrade.it\/index.php\/wp-json\/wp\/v2\/users\/1"}],"replies":[{"embeddable":true,"href":"https:\/\/www.stage.duecontrade.it\/index.php\/wp-json\/wp\/v2\/comments?post=25"}],"version-history":[{"count":15,"href":"https:\/\/www.stage.duecontrade.it\/index.php\/wp-json\/wp\/v2\/pages\/25\/revisions"}],"predecessor-version":[{"id":168,"href":"https:\/\/www.stage.duecontrade.it\/index.php\/wp-json\/wp\/v2\/pages\/25\/revisions\/168"}],"wp:attachment":[{"href":"https:\/\/www.stage.duecontrade.it\/index.php\/wp-json\/wp\/v2\/media?parent=25"}],"wp:term":[{"taxonomy":"folder","embeddable":true,"href":"https:\/\/www.stage.duecontrade.it\/index.php\/wp-json\/wp\/v2\/folder?post=25"}],"curies":[{"name":"wp","href":"https:\/\/api.w.org\/{rel}","templated":true}]}}